{"id":6377,"date":"2025-11-21T15:14:36","date_gmt":"2025-11-21T15:14:36","guid":{"rendered":"https:\/\/construfortmoeda.com.br\/?post_type=product&#038;p=6377"},"modified":"2026-01-23T16:21:12","modified_gmt":"2026-01-23T16:21:12","slug":"cabo-flex-pp-3x250mm-mt","status":"publish","type":"product","link":"https:\/\/construfortmoeda.com.br\/?product=cabo-flex-pp-3x250mm-mt","title":{"rendered":"CABO PP 3 VIAS X 2,50MM PRETO MEGATRON"},"content":{"rendered":"<p>O <strong>CABO PP 3 VIAS X 02,5MM2 PRETO Megatron <\/strong>\u00e9 um <mark class=\"HxTRcb\" data-processed=\"true\">cabo el\u00e9trico com 3 condutores de cobre de 2,5mm\u00b2<\/mark><mark class=\"HxTRcb\" data-processed=\"true\"><\/mark><\/p>\n<p>Ideal para: <mark class=\"HxTRcb\" data-processed=\"true\">instala\u00e7\u00f5es residenciais, comerciais e industriais, como extens\u00f5es, m\u00e1quinas e eletrodom\u00e9sticos, oferecendo seguran\u00e7a, resist\u00eancia e alta condu\u00e7\u00e3o de corrente<\/mark><\/p>\n<p><span class=\"T286Pc\" data-sfc-cp=\"\" data-processed=\"true\"><strong class=\"Yjhzub\" data-processed=\"true\">Condutores:<\/strong>\u00a03 vias (Fase, Neutro, Terra).<\/span><\/p>\n<p><span class=\"T286Pc\" data-sfc-cp=\"\" data-processed=\"true\"><strong class=\"Yjhzub\" data-processed=\"true\">Bitola:<\/strong>\u00a02,5mm\u00b2.<\/span><\/p>\n<p><strong class=\"Yjhzub\" data-processed=\"true\">Material do condutor:<\/strong>\u00a0Cobre<\/p>\n<p><span class=\"T286Pc\" data-sfc-cp=\"\" data-processed=\"true\"><strong class=\"Yjhzub\" data-processed=\"true\">Cor:<\/strong>\u00a0Preto.<\/span><\/p>\n<p><strong>Refer\u00eancia: <\/strong>3578<\/p>\n","protected":false},"excerpt":{"rendered":"<p>O CABO PP 3 VIAS X 02,5MM2 PRETO Megatron \u00e9 um cabo el\u00e9trico com 3 condutores de cobre de 2,5mm\u00b2 Ideal para: instala\u00e7\u00f5es residenciais, comerciais e industriais, como extens\u00f5es, m\u00e1quinas e eletrodom\u00e9sticos, oferecendo seguran\u00e7a, resist\u00eancia e alta condu\u00e7\u00e3o de corrente Condutores:\u00a03 vias (Fase, Neutro, Terra). Bitola:\u00a02,5mm\u00b2. Material do condutor:\u00a0Cobre Cor:\u00a0Preto. Refer\u00eancia: 3578<\/p>\n","protected":false},"featured_media":6838,"template":"","meta":{"site-sidebar-layout":"default","site-content-layout":"","ast-site-content-layout":"default","site-content-style":"default","site-sidebar-style":"default","ast-global-header-display":"","ast-banner-title-visibility":"","ast-main-header-display":"","ast-hfb-above-header-display":"","ast-hfb-below-header-display":"","ast-hfb-mobile-header-display":"","site-post-title":"","ast-breadcrumbs-content":"","ast-featured-img":"","footer-sml-layout":"","ast-disable-related-posts":"","theme-transparent-header-meta":"default","adv-header-id-meta":"","stick-header-meta":"","header-above-stick-meta":"","header-main-stick-meta":"","header-below-stick-meta":"","astra-migrate-meta-layouts":"set","ast-page-background-enabled":"default","ast-page-background-meta":{"desktop":{"background-color":"","background-image":"","background-repeat":"repeat","background-position":"center center","background-size":"auto","background-attachment":"scroll","background-type":"","background-media":"","overlay-type":"","overlay-color":"","overlay-opacity":"","overlay-gradient":""},"tablet":{"background-color":"","background-image":"","background-repeat":"repeat","background-position":"center center","background-size":"auto","background-attachment":"scroll","background-type":"","background-media":"","overlay-type":"","overlay-color":"","overlay-opacity":"","overlay-gradient":""},"mobile":{"background-color":"","background-image":"","background-repeat":"repeat","background-position":"center center","background-size":"auto","background-attachment":"scroll","background-type":"","background-media":"","overlay-type":"","overlay-color":"","overlay-opacity":"","overlay-gradient":""}},"ast-content-background-meta":{"desktop":{"background-color":"var(--ast-global-color-5)","background-image":"","background-repeat":"repeat","background-position":"center center","background-size":"auto","background-attachment":"scroll","background-type":"","background-media":"","overlay-type":"","overlay-color":"","overlay-opacity":"","overlay-gradient":""},"tablet":{"background-color":"var(--ast-global-color-5)","background-image":"","background-repeat":"repeat","background-position":"center center","background-size":"auto","background-attachment":"scroll","background-type":"","background-media":"","overlay-type":"","overlay-color":"","overlay-opacity":"","overlay-gradient":""},"mobile":{"background-color":"var(--ast-global-color-5)","background-image":"","background-repeat":"repeat","background-position":"center center","background-size":"auto","background-attachment":"scroll","background-type":"","background-media":"","overlay-type":"","overlay-color":"","overlay-opacity":"","overlay-gradient":""}}},"product_brand":[],"product_cat":[78],"product_tag":[],"class_list":{"0":"post-6377","1":"product","2":"type-product","3":"status-publish","4":"has-post-thumbnail","6":"product_cat-eletrica","7":"desktop-align-center","8":"tablet-align-left","9":"mobile-align-left","11":"first","12":"instock","13":"shipping-taxable","14":"product-type-simple"},"_links":{"self":[{"href":"https:\/\/construfortmoeda.com.br\/index.php?rest_route=\/wp\/v2\/product\/6377","targetHints":{"allow":["GET"]}}],"collection":[{"href":"https:\/\/construfortmoeda.com.br\/index.php?rest_route=\/wp\/v2\/product"}],"about":[{"href":"https:\/\/construfortmoeda.com.br\/index.php?rest_route=\/wp\/v2\/types\/product"}],"wp:featuredmedia":[{"embeddable":true,"href":"https:\/\/construfortmoeda.com.br\/index.php?rest_route=\/wp\/v2\/media\/6838"}],"wp:attachment":[{"href":"https:\/\/construfortmoeda.com.br\/index.php?rest_route=%2Fwp%2Fv2%2Fmedia&parent=6377"}],"wp:term":[{"taxonomy":"product_brand","embeddable":true,"href":"https:\/\/construfortmoeda.com.br\/index.php?rest_route=%2Fwp%2Fv2%2Fproduct_brand&post=6377"},{"taxonomy":"product_cat","embeddable":true,"href":"https:\/\/construfortmoeda.com.br\/index.php?rest_route=%2Fwp%2Fv2%2Fproduct_cat&post=6377"},{"taxonomy":"product_tag","embeddable":true,"href":"https:\/\/construfortmoeda.com.br\/index.php?rest_route=%2Fwp%2Fv2%2Fproduct_tag&post=6377"}],"curies":[{"name":"wp","href":"https:\/\/api.w.org\/{rel}","templated":true}]}}